{"id":4979,"date":"2022-01-11T20:09:53","date_gmt":"2022-01-11T18:09:53","guid":{"rendered":"https:\/\/www.persovuses.org\/aviso-legal-politica-privacidad\/"},"modified":"2026-01-07T19:24:57","modified_gmt":"2026-01-07T17:24:57","slug":"avis-legal-politica-privacitat","status":"publish","type":"page","link":"https:\/\/www.persovuses.org\/ca\/avis-legal-politica-privacitat\/","title":{"rendered":"Av\u00eds legal i pol\u00edtica de privacitat"},"content":{"rendered":"\t\t<div data-elementor-type=\"wp-page\" data-elementor-id=\"4979\" class=\"elementor elementor-4979 elementor-3519\">\n\t\t\t\t\t\t<section class=\"elementor-section elementor-top-section elementor-element elementor-element-6dbffc2d elementor-section-stretched elementor-section-content-middle elementor-section-boxed elementor-section-height-default elementor-section-height-default\" data-id=\"6dbffc2d\" data-element_type=\"section\" data-settings=\"{&quot;stretch_section&quot;:&quot;section-stretched&quot;,&quot;background_background&quot;:&quot;classic&quot;}\">\n\t\t\t\t\t\t\t<div class=\"elementor-background-overlay\"><\/div>\n\t\t\t\t\t\t\t<div class=\"elementor-container elementor-column-gap-default\">\n\t\t\t\t\t<div class=\"elementor-column elementor-col-100 elementor-top-column elementor-element elementor-element-943c9a9\" data-id=\"943c9a9\" data-element_type=\"column\">\n\t\t\t<div class=\"elementor-widget-wrap elementor-element-populated\">\n\t\t\t\t\t\t<div class=\"elementor-element elementor-element-f3e0ee0 elementor-widget elementor-widget-heading\" data-id=\"f3e0ee0\" data-element_type=\"widget\" data-widget_type=\"heading.default\">\n\t\t\t\t<div class=\"elementor-widget-container\">\n\t\t\t\t\t<h1 class=\"elementor-heading-title elementor-size-default\">Av\u00eds legal i pol\u00edtica de privacitat<\/h1>\t\t\t\t<\/div>\n\t\t\t\t<\/div>\n\t\t\t\t\t<\/div>\n\t\t<\/div>\n\t\t\t\t\t<\/div>\n\t\t<\/section>\n\t\t\t\t<section class=\"elementor-section elementor-top-section elementor-element elementor-element-3fb584d elementor-section-full_width elementor-section-height-default elementor-section-height-default\" data-id=\"3fb584d\" data-element_type=\"section\">\n\t\t\t\t\t\t<div class=\"elementor-container elementor-column-gap-default\">\n\t\t\t\t\t<div class=\"elementor-column elementor-col-100 elementor-top-column elementor-element elementor-element-4fef5e6\" data-id=\"4fef5e6\" data-element_type=\"column\">\n\t\t\t<div class=\"elementor-widget-wrap elementor-element-populated\">\n\t\t\t\t\t\t<div class=\"elementor-element elementor-element-8ad26d6 elementor-widget elementor-widget-text-editor\" data-id=\"8ad26d6\" data-element_type=\"widget\" data-widget_type=\"text-editor.default\">\n\t\t\t\t<div class=\"elementor-widget-container\">\n\t\t\t\t\t\t\t\t\t<h4>1) Informaci\u00f3 General i Dades Identificatives:<\/h4><p>En compliment del deure d&#8217;informaci\u00f3 de l&#8217;article 10 de la Llei 34\/2002, d&#8217;11 de juliol, de Serveis de la Societat de la Informaci\u00f3 i Comer\u00e7 Electr\u00f2nic, a continuaci\u00f3 es facilita la seg\u00fcent informaci\u00f3:<\/p><p>El titular d&#8217;aquesta p\u00e0gina web \u00e9s l&#8217;Associaci\u00f3 per la integraci\u00f3 i reinserci\u00f3 de PERsones SOcialment VUlnerables o en Situaci\u00f3 d&#8217;Exclusi\u00f3 Social (d&#8217;ara endavant PERSOVUSES), amb domicili social en C\/ Francesc Santacana, 23, 08760 Martorell (Barcelona), n\u00famero de C.I.F G-65738916. El correu electr\u00f2nic de contacte \u00e9s info@persovuses.org<\/p><p>La utilitzaci\u00f3 d&#8217;aquest lloc web est\u00e0 subjecta a les seg\u00fcents condicions d&#8217;\u00fas. Li preguem que les llegeixi atentament. El fet d&#8217;accedir a aquest lloc web i utilitzar els seus continguts o formularis implica que vost\u00e8 ha llegit i accepta, sense cap reserva, aquestes condicions.<\/p><h4>2) \u00das de la p\u00e0gina web:<\/h4><p>\u00c9s \u201cUsuari\u201d tota persona que accedeixi, navegui o utilitzi per la present p\u00e0gina web.<\/p><p>Aquest lloc web ha estat dissenyat i t\u00e9 com a \u00fanica finalitat oferir informaci\u00f3 general sobre\u00a0PERSOVUSES\u00a0i les activitats i serveis que presta, aix\u00ed com difondre informaci\u00f3 relacionada amb les diferents \u00e0rees d&#8217;activitat que pugui ser d&#8217;inter\u00e8s. \u00c9s possible que la p\u00e0gina contingui material amb finalitats \u00fanicament informatius.<\/p><p>PERSOVUSES\u00a0es reserva el dret d&#8217;alterar en qualsevol moment i sense previ av\u00eds el disseny, presentaci\u00f3 i\/o configuraci\u00f3 de la p\u00e0gina web, aix\u00ed com d&#8217;alguns o tots els seus continguts, i de modificar les condicions generals d&#8217;\u00fas.<\/p><p>PERSOVUSES\u00a0no es responsabilitza dels continguts o opinions de terceres persones que puguin publicar-se en la p\u00e0gina web, ni de la informaci\u00f3 continguda en p\u00e0gines web a les quals es pugui accedir a trav\u00e9s d&#8217;enlla\u00e7os que apareixen en la p\u00e0gina, ni de l&#8217;\u00fas que els usuaris donin als materials posats a la disposici\u00f3 del p\u00fablic a trav\u00e9s de la p\u00e0gina.\u00a0PERSOVUSES\u00a0no controla ni exerceix cap mena de supervisi\u00f3 quan s&#8217;inclou un link a p\u00e0gines web de tercers, que creem poden ser del seu inter\u00e8s, assumint que les mateixes compleixen la legislaci\u00f3 vigent. La utilitzaci\u00f3 d&#8217;aquests links no implica que\u00a0PERSOVUSES\u00a0sigui responsable ni del contingut, ni de l&#8217;estat d&#8217;aquests llocs i p\u00e0gines web, ni que recomani o aprovi el seu contingut.<\/p><p>En el mateix sentit,\u00a0PERSOVUSES\u00a0no garanteix l&#8217;abs\u00e8ncia de virus o altres elements lesius que poguessin causar danys o alteracions en el sistema inform\u00e0tic, en els documents electr\u00f2nics o en els fitxers de l&#8217;usuari, ni respondria pels danys i perjudicis que tals elements poguessin ocasionar.<\/p><h4>\u00a0<\/h4><h4>3) Protecci\u00f3 de dades de car\u00e0cter personal:<\/h4><p>Les dades que li sol\u00b7licitem en els diferents formularis de la nostra p\u00e0gina web s\u00f3n els adequats, pertinents i estrictament necessaris per a la finalitat de gestionar i tramitar la petici\u00f3 que ens ha realitzat, poder enviar-li informaci\u00f3 dels nostres serveis, comunicar processos de selecci\u00f3 i gestionar la sol\u00b7licitud de documentaci\u00f3 o refer\u00e8ncies bibliogr\u00e0fiques, i en cap cas est\u00e0 obligat a facilitar-los. Les dades d&#8217;emplenament obligatori s&#8217;especifiquen en el propi formulari, i la seva negativa a subministrar-los implicar\u00e0 no poder gestionar la seva petici\u00f3. Aix\u00ed mateix, ens assegura que totes les dades facilitades s\u00f3n certs, vera\u00e7os i pertinents per a la finalitat per la qual els sol\u00b7licitem.<\/p><p>Les dades personals proporcionades es conservaran mentre es mantingui la relaci\u00f3, i una vegada finalitzi la citada relaci\u00f3 es mantindran bloquejats el temps legalment establert, abans de la seva destrucci\u00f3.<\/p><p>L&#8217;enviament dels mateixos implica la seva autoritzaci\u00f3 expressa a incorporar-los als nostres fitxers corresponents, sempre que\u00a0PERSOVUSESho consideri convenient per a la gesti\u00f3 de la petici\u00f3 que sol\u00b7liciti.<\/p><p>Mitjan\u00e7ant l&#8217;acceptaci\u00f3 de la casella del formulari, vost\u00e8 consent l&#8217;enviament d&#8217;informaci\u00f3 dels nostres serveis que puguin resultar del seu inter\u00e8s.<\/p><p>\u00c9s important que perqu\u00e8 puguem mantenir les seves dades personals actualitzades, ens informi sempre que hi hagi alguna modificaci\u00f3 en ells. En cas contrari, no responem de la veracitat d&#8217;aquests. Considerem que si no cancel\u00b7la les seves dades personals expressament dels nostres fitxers, continua interessat a seguir incorporat als mateixos fins que el Responsable ho consideri oport\u00fa i mentre sigui adequat a la finalitat per la qual es van obtenir.<\/p><h4>\u00a0<\/h4><h4>Drets dels interessats<\/h4><p>El titular de les dades personals t\u00e9 dret a:<\/p><ul><li>Obtenir confirmaci\u00f3 sobre si el Responsable est\u00e0 tractant les dades personals que els concerneixin, o no.<\/li><li>Accedir a les seves dades personals, aix\u00ed com a sol\u00b7licitar la rectificaci\u00f3 de les dades inexactes o, si escau, sol\u00b7licitar la seva supressi\u00f3 quan, entre altres motius, les dades ja no siguin necessaris per a les finalitats que van ser recollits.<\/li><li>En determinades circumst\u00e0ncies, els interessats podran sol\u00b7licitar la limitaci\u00f3 del tractament de les seves dades, en aquest cas \u00fanicament el Responsable els conservar\u00e0 per a l&#8217;exercici o la defensa de reclamacions.<\/li><li>En determinades circumst\u00e0ncies i per motius relacionats amb la seva situaci\u00f3 particular, els interessats podran oposar-se al tractament de les seves dades.<\/li><li>En determinades circumst\u00e0ncies, en virtut del dret de portabilitat, els interessats tindran dret a obtenir les seves dades personals en un format estructurat d&#8217;\u00fas com\u00fa i lectura mec\u00e0nica i transmetre&#8217;l a un altre responsable.<\/li><\/ul><p>El titular pot exercir els seus drets:<\/p><ul><li>Mitjan\u00e7ant escrit dirigit a C\/ Francesc Santacana, 23, 08760 Martorell (Barcelona), referencia \u201cProtecci\u00f3 de Dades\u201d.<\/li><li>\u00a0Mitjan\u00e7ant correu electr\u00f2nic a l&#8217;adre\u00e7a\u00a0<a href=\"mailto:info@persovuses.org\" target=\"_blank\" rel=\"noopener\">info@persovuses.org<\/a>\u00a0indicant en l&#8217;assumpte \u201cProtecci\u00f3 de Dades\u201d.<\/li><\/ul><p>Si considera que els seus drets no s&#8217;han at\u00e8s adequadament, t\u00e9 dret a presentar una reclamaci\u00f3 davant l&#8217;Ag\u00e8ncia Espanyola de Protecci\u00f3 de Dades.<\/p><h4>\u00a0<\/h4><h4>4) Propietat intel\u00b7lectual i industrial:<\/h4><p>PERSOVUSES\u00a0\u00e9s titular, o disposa si escau del dret d&#8217;\u00fas, de tots els drets de propietat intel\u00b7lectual i industrial que puguin recaure sobre aquesta p\u00e0gina web i sobre els seus elements, la qual cosa inclou, a t\u00edtol merament enunciatiu, els noms comercials, marques i logotips, estructura i disseny de la p\u00e0gina, textos i imatges, so, \u00e0udio, v\u00eddeo, etc.<\/p><p>El titular es reserva tots els drets, per la qual cosa queda expressament prohibit qualsevol acte de reproducci\u00f3, distribuci\u00f3, transformaci\u00f3 i comunicaci\u00f3 p\u00fablica de la totalitat o part dels continguts i elements de la p\u00e0gina amb finalitats comercials, en qualsevol suport i per qualsevol mitj\u00e0 t\u00e8cnic, sense comptar amb la pr\u00e8via autoritzaci\u00f3 del titular.<\/p><p>L&#8217;Usuari de la p\u00e0gina web es compromet a respectar els drets de propietat intel\u00b7lectual i industrial derivats dels continguts de la p\u00e0gina. Els Usuaris poden visualitzar els elements de la p\u00e0gina web, imprimir-los, copiar-los i emmagatzemar-los en el disc dur del seu ordinador o en qualsevol altre suport f\u00edsic, sempre que es faci, \u00fanica i exclusivament, per a \u00fas personal i privat, sense \u00e0nim de lucre.<\/p>\t\t\t\t\t\t\t\t<\/div>\n\t\t\t\t<\/div>\n\t\t\t\t\t<\/div>\n\t\t<\/div>\n\t\t\t\t\t<\/div>\n\t\t<\/section>\n\t\t\t\t<\/div>\n\t\t","protected":false},"excerpt":{"rendered":"<p>Av\u00eds legal i pol\u00edtica de privacitat 1) Informaci\u00f3 General i Dades Identificatives: En compliment del deure d&#8217;informaci\u00f3 de l&#8217;article 10 de la Llei 34\/2002, d&#8217;11 de juliol, de Serveis de la Societat de la Informaci\u00f3 i Comer\u00e7 Electr\u00f2nic, a continuaci\u00f3 es facilita la seg\u00fcent informaci\u00f3: El titular d&#8217;aquesta p\u00e0gina web \u00e9s l&#8217;Associaci\u00f3 per la integraci\u00f3 [&hellip;]<\/p>\n","protected":false},"author":1,"featured_media":0,"parent":0,"menu_order":0,"comment_status":"closed","ping_status":"closed","template":"","meta":{"footnotes":""},"class_list":["post-4979","page","type-page","status-publish","hentry"],"acf":[],"_links":{"self":[{"href":"https:\/\/www.persovuses.org\/ca\/wp-json\/wp\/v2\/pages\/4979","targetHints":{"allow":["GET"]}}],"collection":[{"href":"https:\/\/www.persovuses.org\/ca\/wp-json\/wp\/v2\/pages"}],"about":[{"href":"https:\/\/www.persovuses.org\/ca\/wp-json\/wp\/v2\/types\/page"}],"author":[{"embeddable":true,"href":"https:\/\/www.persovuses.org\/ca\/wp-json\/wp\/v2\/users\/1"}],"replies":[{"embeddable":true,"href":"https:\/\/www.persovuses.org\/ca\/wp-json\/wp\/v2\/comments?post=4979"}],"version-history":[{"count":7,"href":"https:\/\/www.persovuses.org\/ca\/wp-json\/wp\/v2\/pages\/4979\/revisions"}],"predecessor-version":[{"id":5402,"href":"https:\/\/www.persovuses.org\/ca\/wp-json\/wp\/v2\/pages\/4979\/revisions\/5402"}],"wp:attachment":[{"href":"https:\/\/www.persovuses.org\/ca\/wp-json\/wp\/v2\/media?parent=4979"}],"curies":[{"name":"wp","href":"https:\/\/api.w.org\/{rel}","templated":true}]}}

Avís legal i política de privacitat

<div data-elementor-type="wp-page" data-elementor-id="4979" class="elementor elementor-4979 elementor-3519">
						<section class="elementor-section elementor-top-section elementor-element elementor-element-6dbffc2d elementor-section-stretched elementor-section-content-middle elementor-section-boxed elementor-section-height-default elementor-section-height-default" data-id="6dbffc2d" data-element_type="section" data-settings="{&quot;stretch_section&quot;:&quot;section-stretched&quot;,&quot;background_background&quot;:&quot;classic&quot;}">
							<div class="elementor-background-overlay"></div>
							<div class="elementor-container elementor-column-gap-default">
					<div class="elementor-column elementor-col-100 elementor-top-column elementor-element elementor-element-943c9a9" data-id="943c9a9" data-element_type="column">
			<div class="elementor-widget-wrap elementor-element-populated">
						<div class="elementor-element elementor-element-f3e0ee0 elementor-widget elementor-widget-heading" data-id="f3e0ee0" data-element_type="widget" data-widget_type="heading.default">
				<div class="elementor-widget-container">
					<h1 class="elementor-heading-title elementor-size-default">Avís legal i política de privacitat</h1>				</div>
				</div>
					</div>
		</div>
					</div>
		</section>
				<section class="elementor-section elementor-top-section elementor-element elementor-element-3fb584d elementor-section-full_width elementor-section-height-default elementor-section-height-default" data-id="3fb584d" data-element_type="section">
						<div class="elementor-container elementor-column-gap-default">
					<div class="elementor-column elementor-col-100 elementor-top-column elementor-element elementor-element-4fef5e6" data-id="4fef5e6" data-element_type="column">
			<div class="elementor-widget-wrap elementor-element-populated">
						<div class="elementor-element elementor-element-8ad26d6 elementor-widget elementor-widget-text-editor" data-id="8ad26d6" data-element_type="widget" data-widget_type="text-editor.default">
				<div class="elementor-widget-container">
									<h4>1) Informació General i Dades Identificatives:</h4><p>En compliment del deure d&#8217;informació de l&#8217;article 10 de la Llei 34/2002, d&#8217;11 de juliol, de Serveis de la Societat de la Informació i Comerç Electrònic, a continuació es facilita la següent informació:</p><p>El titular d&#8217;aquesta pàgina web és l&#8217;Associació per la integració i reinserció de PERsones SOcialment VUlnerables o en Situació d&#8217;Exclusió Social (d&#8217;ara endavant PERSOVUSES), amb domicili social en C/ Francesc Santacana, 23, 08760 Martorell (Barcelona), número de C.I.F G-65738916. El correu electrònic de contacte és info@persovuses.org</p><p>La utilització d&#8217;aquest lloc web està subjecta a les següents condicions d&#8217;ús. Li preguem que les llegeixi atentament. El fet d&#8217;accedir a aquest lloc web i utilitzar els seus continguts o formularis implica que vostè ha llegit i accepta, sense cap reserva, aquestes condicions.</p><h4>2) Ús de la pàgina web:</h4><p>És “Usuari” tota persona que accedeixi, navegui o utilitzi per la present pàgina web.</p><p>Aquest lloc web ha estat dissenyat i té com a única finalitat oferir informació general sobre PERSOVUSES i les activitats i serveis que presta, així com difondre informació relacionada amb les diferents àrees d&#8217;activitat que pugui ser d&#8217;interès. És possible que la pàgina contingui material amb finalitats únicament informatius.</p><p>PERSOVUSES es reserva el dret d&#8217;alterar en qualsevol moment i sense previ avís el disseny, presentació i/o configuració de la pàgina web, així com d&#8217;alguns o tots els seus continguts, i de modificar les condicions generals d&#8217;ús.</p><p>PERSOVUSES no es responsabilitza dels continguts o opinions de terceres persones que puguin publicar-se en la pàgina web, ni de la informació continguda en pàgines web a les quals es pugui accedir a través d&#8217;enllaços que apareixen en la pàgina, ni de l&#8217;ús que els usuaris donin als materials posats a la disposició del públic a través de la pàgina. PERSOVUSES no controla ni exerceix cap mena de supervisió quan s&#8217;inclou un link a pàgines web de tercers, que creem poden ser del seu interès, assumint que les mateixes compleixen la legislació vigent. La utilització d&#8217;aquests links no implica que PERSOVUSES sigui responsable ni del contingut, ni de l&#8217;estat d&#8217;aquests llocs i pàgines web, ni que recomani o aprovi el seu contingut.</p><p>En el mateix sentit, PERSOVUSES no garanteix l&#8217;absència de virus o altres elements lesius que poguessin causar danys o alteracions en el sistema informàtic, en els documents electrònics o en els fitxers de l&#8217;usuari, ni respondria pels danys i perjudicis que tals elements poguessin ocasionar.</p><h4> </h4><h4>3) Protecció de dades de caràcter personal:</h4><p>Les dades que li sol·licitem en els diferents formularis de la nostra pàgina web són els adequats, pertinents i estrictament necessaris per a la finalitat de gestionar i tramitar la petició que ens ha realitzat, poder enviar-li informació dels nostres serveis, comunicar processos de selecció i gestionar la sol·licitud de documentació o referències bibliogràfiques, i en cap cas està obligat a facilitar-los. Les dades d&#8217;emplenament obligatori s&#8217;especifiquen en el propi formulari, i la seva negativa a subministrar-los implicarà no poder gestionar la seva petició. Així mateix, ens assegura que totes les dades facilitades són certs, veraços i pertinents per a la finalitat per la qual els sol·licitem.</p><p>Les dades personals proporcionades es conservaran mentre es mantingui la relació, i una vegada finalitzi la citada relació es mantindran bloquejats el temps legalment establert, abans de la seva destrucció.</p><p>L&#8217;enviament dels mateixos implica la seva autorització expressa a incorporar-los als nostres fitxers corresponents, sempre que PERSOVUSESho consideri convenient per a la gestió de la petició que sol·liciti.</p><p>Mitjançant l&#8217;acceptació de la casella del formulari, vostè consent l&#8217;enviament d&#8217;informació dels nostres serveis que puguin resultar del seu interès.</p><p>És important que perquè puguem mantenir les seves dades personals actualitzades, ens informi sempre que hi hagi alguna modificació en ells. En cas contrari, no responem de la veracitat d&#8217;aquests. Considerem que si no cancel·la les seves dades personals expressament dels nostres fitxers, continua interessat a seguir incorporat als mateixos fins que el Responsable ho consideri oportú i mentre sigui adequat a la finalitat per la qual es van obtenir.</p><h4> </h4><h4>Drets dels interessats</h4><p>El titular de les dades personals té dret a:</p><ul><li>Obtenir confirmació sobre si el Responsable està tractant les dades personals que els concerneixin, o no.</li><li>Accedir a les seves dades personals, així com a sol·licitar la rectificació de les dades inexactes o, si escau, sol·licitar la seva supressió quan, entre altres motius, les dades ja no siguin necessaris per a les finalitats que van ser recollits.</li><li>En determinades circumstàncies, els interessats podran sol·licitar la limitació del tractament de les seves dades, en aquest cas únicament el Responsable els conservarà per a l&#8217;exercici o la defensa de reclamacions.</li><li>En determinades circumstàncies i per motius relacionats amb la seva situació particular, els interessats podran oposar-se al tractament de les seves dades.</li><li>En determinades circumstàncies, en virtut del dret de portabilitat, els interessats tindran dret a obtenir les seves dades personals en un format estructurat d&#8217;ús comú i lectura mecànica i transmetre&#8217;l a un altre responsable.</li></ul><p>El titular pot exercir els seus drets:</p><ul><li>Mitjançant escrit dirigit a C/ Francesc Santacana, 23, 08760 Martorell (Barcelona), referencia “Protecció de Dades”.</li><li> Mitjançant correu electrònic a l&#8217;adreça <a href="mailto:info@persovuses.org" target="_blank" rel="noopener">info@persovuses.org</a> indicant en l&#8217;assumpte “Protecció de Dades”.</li></ul><p>Si considera que els seus drets no s&#8217;han atès adequadament, té dret a presentar una reclamació davant l&#8217;Agència Espanyola de Protecció de Dades.</p><h4> </h4><h4>4) Propietat intel·lectual i industrial:</h4><p>PERSOVUSES és titular, o disposa si escau del dret d&#8217;ús, de tots els drets de propietat intel·lectual i industrial que puguin recaure sobre aquesta pàgina web i sobre els seus elements, la qual cosa inclou, a títol merament enunciatiu, els noms comercials, marques i logotips, estructura i disseny de la pàgina, textos i imatges, so, àudio, vídeo, etc.</p><p>El titular es reserva tots els drets, per la qual cosa queda expressament prohibit qualsevol acte de reproducció, distribució, transformació i comunicació pública de la totalitat o part dels continguts i elements de la pàgina amb finalitats comercials, en qualsevol suport i per qualsevol mitjà tècnic, sense comptar amb la prèvia autorització del titular.</p><p>L&#8217;Usuari de la pàgina web es compromet a respectar els drets de propietat intel·lectual i industrial derivats dels continguts de la pàgina. Els Usuaris poden visualitzar els elements de la pàgina web, imprimir-los, copiar-los i emmagatzemar-los en el disc dur del seu ordinador o en qualsevol altre suport físic, sempre que es faci, única i exclusivament, per a ús personal i privat, sense ànim de lucre.</p>								</div>
				</div>
					</div>
		</div>
					</div>
		</section>
				</div>

<p>Avís legal i política de privacitat 1) Informació General i Dades Identificatives: En compliment del deure d&#8217;informació de l&#8217;article 10 de la Llei 34/2002, d&#8217;11 de juliol, de Serveis de la Societat de la Informació i Comerç Electrònic, a continuació es facilita la següent informació: El titular d&#8217;aquesta pàgina web és l&#8217;Associació per la integració [&hellip;]</p>
